{"id":15,"date":"2024-11-26T08:45:12","date_gmt":"2024-11-26T07:45:12","guid":{"rendered":"https:\/\/www.fegs-oftersheim.de\/?page_id=15"},"modified":"2026-02-10T09:58:00","modified_gmt":"2026-02-10T08:58:00","slug":"schulgemeinschaft","status":"publish","type":"page","link":"https:\/\/www.fegs-oftersheim.de\/index.php\/schulgemeinschaft\/","title":{"rendered":"Schulgemeinschaft"},"content":{"rendered":"\n<p>An unserer Schule arbeiten viele engagierte Menschen gemeinsam daran unseren Sch\u00fclerinnen und Sch\u00fclern eine motivierende Lernumgebung zu gestalten. Gemeinsam &#8211; miteinander und f\u00fcreinander &#8211; arbeiten und planen Lehrkr\u00e4fte, Eltern, , unsere Sekret\u00e4rin, unsere Schulsozialarbeiterin, unser F\u00f6rderverein, unsere Hausmeister, die vielen Kooperationspartner und die Gemeinde Oftersheim an unserer bunten Schule. Von Herzen die Einladung Teil dieser Gemeinschaft zu werden. Beispielsweise durch eine Kooperation (AG, Aktion) oder einfach die Arbeit des F\u00f6rdervereins durch eine Mitgliedschaft und eine helfende Hand zu unterst\u00fctzen.<\/p>\n\n\n\n<p><a href=\"https:\/\/www.fegs-oftersheim.de\/index.php\/das-kollegium-der-fes\/\">Lehrerkollegium<\/a><\/p>\n\n\n\n<p><a href=\"https:\/\/www.fegs-oftersheim.de\/index.php\/sekretariat\/\">Sekretariat<\/a><\/p>\n\n\n\n<p><a href=\"https:\/\/www.fegs-oftersheim.de\/index.php\/schulsozialarbeit-an-der-friedrich-ebert-schule\/\">Schulsozialarbeit<\/a><\/p>\n\n\n\n<p><a href=\"http:\/\/foerderverein-fes-oftersheim.de\/\">Unser F\u00f6rderverein<\/a><\/p>\n\n\n\n<p><a href=\"https:\/\/www.fegs-oftersheim.de\/index.php\/elternvertretung\/\">Elternvertretung<\/a><\/p>\n\n\n\n<p><a href=\"https:\/\/www.fegs-oftersheim.de\/index.php\/beratungslehrkraft\/\">Beratungslehrkraft<\/a><\/p>\n\n\n\n<p><a href=\"https:\/\/www.oftersheim.de\/start\">Gemeinde Oftersheim<\/a><\/p>\n\n\n\n<p><\/p>\n","protected":false},"excerpt":{"rendered":"<p>An unserer Schule arbeiten viele engagierte Menschen gemeinsam daran unseren Sch\u00fclerinnen und Sch\u00fclern eine motivierende Lernumgebung zu gestalten. Gemeinsam &#8211; miteinander und f\u00fcreinander &#8211; arbeiten und planen Lehrkr\u00e4fte, Eltern, , unsere Sekret\u00e4rin, unsere Schulsozialarbeiterin, unser F\u00f6rderverein, unsere Hausmeister, die vielen Kooperationspartner und die Gemeinde Oftersheim an unserer bunten Schule. Von Herzen die Einladung Teil dieser [&hellip;]<\/p>\n","protected":false},"author":1,"featured_media":0,"parent":0,"menu_order":0,"comment_status":"closed","ping_status":"closed","template":"","meta":{"footnotes":""},"class_list":["post-15","page","type-page","status-publish","hentry","latest_post"],"jetpack_sharing_enabled":true,"_links":{"self":[{"href":"https:\/\/www.fegs-oftersheim.de\/index.php\/wp-json\/wp\/v2\/pages\/15","targetHints":{"allow":["GET"]}}],"collection":[{"href":"https:\/\/www.fegs-oftersheim.de\/index.php\/wp-json\/wp\/v2\/pages"}],"about":[{"href":"https:\/\/www.fegs-oftersheim.de\/index.php\/wp-json\/wp\/v2\/types\/page"}],"author":[{"embeddable":true,"href":"https:\/\/www.fegs-oftersheim.de\/index.php\/wp-json\/wp\/v2\/users\/1"}],"replies":[{"embeddable":true,"href":"https:\/\/www.fegs-oftersheim.de\/index.php\/wp-json\/wp\/v2\/comments?post=15"}],"version-history":[{"count":9,"href":"https:\/\/www.fegs-oftersheim.de\/index.php\/wp-json\/wp\/v2\/pages\/15\/revisions"}],"predecessor-version":[{"id":337,"href":"https:\/\/www.fegs-oftersheim.de\/index.php\/wp-json\/wp\/v2\/pages\/15\/revisions\/337"}],"wp:attachment":[{"href":"https:\/\/www.fegs-oftersheim.de\/index.php\/wp-json\/wp\/v2\/media?parent=15"}],"curies":[{"name":"wp","href":"https:\/\/api.w.org\/{rel}","templated":true}]}}

<p>An unserer Schule arbeiten viele engagierte Menschen gemeinsam daran unseren Schülerinnen und Schülern eine motivierende Lernumgebung zu gestalten. Gemeinsam &#8211; miteinander und füreinander &#8211; arbeiten und planen Lehrkräfte, Eltern, , unsere Sekretärin, unsere Schulsozialarbeiterin, unser Förderverein, unsere Hausmeister, die vielen Kooperationspartner und die Gemeinde Oftersheim an unserer bunten Schule. Von Herzen die Einladung Teil dieser Gemeinschaft zu werden. Beispielsweise durch eine Kooperation (AG, Aktion) oder einfach die Arbeit des Fördervereins durch eine Mitgliedschaft und eine helfende Hand zu unterstützen.</p>



<p><a href="https://www.fegs-oftersheim.de/index.php/das-kollegium-der-fes/">Lehrerkollegium</a></p>



<p><a href="https://www.fegs-oftersheim.de/index.php/sekretariat/">Sekretariat</a></p>



<p><a href="https://www.fegs-oftersheim.de/index.php/schulsozialarbeit-an-der-friedrich-ebert-schule/">Schulsozialarbeit</a></p>



<p><a href="http://foerderverein-fes-oftersheim.de/">Unser Förderverein</a></p>



<p><a href="https://www.fegs-oftersheim.de/index.php/elternvertretung/">Elternvertretung</a></p>



<p><a href="https://www.fegs-oftersheim.de/index.php/beratungslehrkraft/">Beratungslehrkraft</a></p>



<p><a href="https://www.oftersheim.de/start">Gemeinde Oftersheim</a></p>



<p></p>

<p>An unserer Schule arbeiten viele engagierte Menschen gemeinsam daran unseren Schülerinnen und Schülern eine motivierende Lernumgebung zu gestalten. Gemeinsam &#8211; miteinander und füreinander &#8211; arbeiten und planen Lehrkräfte, Eltern, , unsere Sekretärin, unsere Schulsozialarbeiterin, unser Förderverein, unsere Hausmeister, die vielen Kooperationspartner und die Gemeinde Oftersheim an unserer bunten Schule. Von Herzen die Einladung Teil dieser [&hellip;]</p>
